*3 - 5*c + 1 + c. Give u(f).
-9
Suppose -3*k - 2*p = 13 + 1, 10 = 5*p. Let i(a) = 3*a - 2. Let w(v) = -1. Let s(m) = -i(m) - w(m). Determine s(k).
21
Suppose 0 = b - 4*v + 17, v = -5*b - 2*v + 30. Suppose -143 = -b*s - k, 2*s - 2*k + k = 87. Let z = -53 + s. Let p(n) = -n**3 - 7*n**2 + n + 4. Determine p(z).
-3
Let x(r) = 2*r**3 + 3*r**2 - 1. Let o = -96 - -98. Suppose o*i - l + 2 = i, 3*l = -4*i + 20. Suppose 3*y - 2*t = -5*t - 15, -3*y = -i*t. Determine x(y).
-5
Let n(f) = -3*f**3 - 26 + 953*f**2 + 4*f**3 - 480*f**2 - 481*f**2 - f + 11*f. What is n(7)?
-5
Suppose -5*v + 43 = -4*h + 145, -2*h - v = -44. Suppose -2 = -h*k - 278. Let a(o) = -o**3 - 11*o**2 + 12*o - 1. Give a(k).
-1
Let x = 861 - 878. Let y(b) = -3*b - 34. Give y(x).
17
Let i(a) = -4*a**3 - 7 - 7 + 263*a**2 - 270*a**2 + 3*a**3. Let o be (-140)/30*3/2. What is i(o)?
-14
Suppose 0 = 31*d + 58 - 244. Let h(y) = y**3 - 7*y**2 + 7*y + 8. Calculate h(d).
14
Let i(u) = -2*u**2 - 10*u + 46. Let j be i(-8). Let m be j/(13 + -5) - (-6)/(-8). Let w(o) be the first derivative of -o**2 + o + 2. Give w(m).
3
Let q(u) be the second derivative of u**7/2520 + u**6/720 + 7*u**5/120 - u**4/4 - 34*u - 2. Let c(w) be the third derivative of q(w). Give c(0).
7
Let w(a) = -33*a + 35*a + 85 + 5*a. Give w(-12).
1
Let r(g) = -5*g**2 + 2*g + 15. Let j(s) = -6*s**2 + s + 19. Let d(c) = 4*j(c) - 5*r(c). Let k = -18 - -25. Determine d(k).
8
Let u(m) = 2*m - 24. Let h(p) = -2*p**2 + 225*p - 322. Let q be h(111). Determine u(q).
-2
Let c(h) = h - 5. Let w be c(4). Let g(j) be the first derivative of j**4/4 - j**2/2 - 30242. Determine g(w).
0
Let n(b) be the third derivative of b**6/120 + b**5/30 + b**4/24 - b**3/2 + 1122*b**2. Calculate n(0).
-3
Suppose -3*m - 6 = -18. Let u(s) be the third derivative of s**5/60 - s**4/6 - s**3/6 - 47*s**2 - 2*s. Calculate u(m).
-1
Let s(f) = 3*f**2 + 3*f + 6. Suppose -12 + 2 = -5*g. Let w(x) = 13*x**2 + 12*x + 25. Let a(y) = g*w(y) - 9*s(y). What is a(-3)?
-4
Let g(b) = b**2 + 7*b + 5. Suppose -2*n = -129 + 127. Let w(f) be the second derivative of f**3/6 + f**2/2 - 17*f. Let m(x) = n*g(x) - 3*w(x). Give m(-3).
-1
Let k(m) = -m**3 + 26*m**2 + m - 48. Let y be k(26). Let c = -15 - y. Let g(a) = -a**3 + 8*a**2 - 6*a - 9. What is g(c)?
-2
Let b(h) = 3*h**3 - h**2 - 2*h - 1. Let i be b(-1). Let k(l) be the first derivative of 4*l + 60 + 1/3*l**3 + 2*l**2. Give k(i).
1
Let p(s) = s - 3. Let d be p(-4). Let t(b) = -4*b + 141 - 4*b + 5*b + 134 - 287. What is t(d)?
9
Let o(b) = -b**2 + b**3 + 5*b**2 + 0 + 11*b - 2*b**3 + 4. Let q = 134 + -128. Determine o(q).
-2
Let n(i) = -2*i - 3. Let r be 83 + (-1 - 4/2) - 0. Suppose -9*v = r + 1. Give n(v).
15
Let g(u) = 9*u**2 + 17*u + 31. Let y(v) = -2*v + 15. Let x be y(6). Let i(f) = 4*f**2 + 9*f + 15. Let d(r) = x*g(r) - 7*i(r). What is d(-11)?
-1
Let z(r) be the third derivative of 7*r**4/24 - 510*r**2. Give z(2).
14
Let r(g) = 2*g**2 + g. Let v(n) = 121*n**2 + n. Let u be v(-1). Let y = -135 + u. Let h = 13 + y. Give r(h).
6
Let s(d) = 6*d**2 - 5*d + 13. Let y(z) = z**2 - 862*z + 4289. Let h be y(5). Give s(h).
89
Suppose 9*v - 8*v - 7 = 0. Let y(u) be the second derivative of u**5/20 - u**4/2 - 4*u**3/3 + 2*u + 14. Determine y(v).
-7
Let d(v) be the first derivative of -3*v**2/2 - 6*v - 6829. Let k(j) = j**3 + 10*j**2 + 2*j + 15. Let r be k(-10). Calculate d(r).
9
Let o(b) = -2*b**3 + b**2 + 2. Let v(t) be the third derivative of t**6/40 - 3*t**5/20 - 5*t**4/24 - 11*t**3/6 + 46*t**2. Let m(i) = 2*o(i) + v(i). Give m(-6).
-13
Let l(m) = m**2 - 74*m + 526. Let n be l(66). Let j(s) = 11*s + 6 + 0*s - 10 + 6. Calculate j(n).
-20
Let f(q) = q**3 - 8*q**2 - 3*q + 2. Suppose -29*y - 20 = -30*y - 4*x, 5*x + 17 = 4*y. Calculate f(y).
-22
Let v(j) = -j**3 - 18*j**2 - 16*j + 8. Let s be (17 - (-19 + 35)) + -18. What is v(s)?
-9
Let k be 2 - -4 - (-164 - -163). Let f(s) = -4*s + 6. Calculate f(k).
-22
Let o(i) = -2 - 2 - 5 + 13. Let v(h) = h - 8. Let x(d) = 2*o(d) - v(d). Give x(0).
16
Suppose -157 = -5*z + 3*r, 5*z - 124 = z + 4*r. Let k(g) = 8*g**3 - 16*g + 11*g**3 + 12*g**3 - z*g**3 - 8 - 17*g**2. Calculate k(-16).
-8
Let y = 149 + -147. Let d(w) = 6202*w**2 + 4 - 6195*w**y - w**3 - 11 + 3*w. Give d(7).
14
Suppose 48*z + 49*z + 26*z - 246 = 0. Let k(f) = 4*f**2 - 5*f + 3. Determine k(z).
9
Let x(n) = -12000*n**2 + 5*n - 14 - 11996*n**2 + 23995*n**2. What is x(-6)?
-80
Let n(u) = 5*u**3 + 1. Let t = -602 - -422. Let h be (-3)/(t/(-8)) + 65/(-75). Determine n(h).
-4
Let j be 3*(-8)/(-6) + 1. Let p(k) = k**2 + 3*k + 7. Let f = 317 - 324. Let m(i) = -2*i**2 - 4*i - 12. Let n(d) = f*p(d) - 4*m(d). What is n(j)?
-1
Let w(z) be the third derivative of -z**5/10 - z**4/24 + 344*z**2. Calculate w(1).
-7
Let p = -24930 + 24899. Let w(b) = b**2 + 25*b - 193. Calculate w(p).
-7
Let y = -192 + 189. Let c be ((-21)/y)/(-14) - (-2)/(-4). Let d(j) = -29*j. Determine d(c).
29
Let c(x) = 4*x + 7. Let u(n) = 2*n**2 - 6*n. Let q be u(3). Suppose q*o = o + z - 2, 4*z + 6 = 3*o. Let w be ((-8)/(-12))/(o/(-15)). Give c(w).
-13
Let i(l) = 412*l - 102*l - 107*l - 105*l + 0 - 10 - 99*l. Let g(q) = q + 2. Let m be g(-5). Determine i(m).
-7
Let l = -174 + 150. Let p be (1*3/(-3))/((-4)/l). Let r(h) = 4*h**2 + 5*h - 5. Let o(m) = -7*m**2 - 10*m + 11. Let d(g) = 3*o(g) + 5*r(g). Determine d(p).
2
Let w(s) = -100*s**2 - 192*s - 49. Let l(q) = 29*q**2 + 55*q + 14. Let y(p) = -17*l(p) - 5*w(p). Calculate y(-3).
-5
Suppose -b + 17*u - 13*u - 14 = 0, -2*b - 4 = -2*u. Let t(s) = -8*s**3 + s + 7*s**3 - s**2 + 9*s**2 - 1 + 0*s**b. What is t(8)?
7
Let m = 182 - 205. Let f be ((-88)/(-6))/((-4)/(-6)). Let o = m + f. Let u(a) = -22*a**2 - 2*a - 1. What is u(o)?
-21
Let s = 185 + -178. Suppose -24*x = s*x - 186. Let p(t) = t**2 - 2*t + 5. Determine p(x).
29
Let b(y) = 546*y**2 - 1 - 5*y - 547*y**2 + 0*y. Let m be b(-4). Let n(d) = -2*d - 10. Let u(z) = 2*z + 9. Let r(x) = -6*n(x) - 7*u(x). Determine r(m).
-9
Let l(o) = -2*o - 14*o**2 + 22*o + o - 14*o**2 + 29*o**2 + 44. Determine l(-20).
24
Let m(r) be the first derivative of r**4/4 + 35*r**3/3 + 17*r**2 - 18*r + 5742. Determine m(-34).
-18
Let i(a) be the third derivative of -a**5/60 - 7*a**4/8 + a**3 - a**2 - 1010*a. Determine i(-16).
86
Suppose 0 = -2*p - 2*a - 146 + 1178, -4*p + 5*a = -2055. Let u = 525 - p. Let q(n) = 3*n - 16. What is q(u)?
14
Let k = 32006 + -32003. Let u(g) = 2*g**2 - 134*g + 389. Give u(k).
5
Let t be ((-18)/12)/(6/(-16)). Let i be -1 - (t - (2 - -3)). Suppose i = -5*s - 4*x + 19, 5*s - x = 9 + 5. Let k(b) = -b**2. Give k(s).
-9
Let a(i) be the third derivative of 0*i**3 + 191*i**2 + 0*i - 5/12*i**4 + 3/20*i**5 + 0 + 1/120*i**6. Calculate a(-10).
0
Let l = -7347 + 7341. Let f(z) = z**3 + 6*z**2 - 5*z + 5. Calculate f(l).
35
Let d(p) be the second derivative of p**4/12 + p**3/6 - 9*p**2 - 1629*p. Determine d(6).
24
Let f(d) = -6*d**2 + 80*d + 71. Let m be f(14). Let t(w) = -6*w + 103. Calculate t(m).
13
Let x(i) = 67*i + 263. Suppose -19*l - 172 = -96. What is x(l)?
-5
Let w(j) be the first derivative of 101 - 5*j + 7/2*j**2 + 1/3*j**3. Determine w(-7).
-5
Suppose -16 = 55*f - 51*f. Suppose 5*x - 5 = -2*s + 5*s, 0 = -3*x - s + 17. Let c(h) = 5 - x*h + h**3 - 78*h**2 + 149*h**2 - 2*h**3 - 76*h**2. Determine c(f).
5
Let z(f) = -f**2 - 7*f - 45. Let d(n) = 2*n**2 + 14*n + 89. Let m(l) = 2*d(l) + 5*z(l). Let i(x) be the first derivative of m(x). Calculate i(-7).
7
Let l(t) be the first derivative of t**4/4 + t**3 - 17*t**2/2 - 3*t - 3296. Determine l(-6).
-9
Let a(d) = 2*d + 2. Let s(r) = -7*r - 19. Let q(o) = 3*a(o) + s(o). Let f be q(-9). Let h(i) = 4*i - 3*i - 2 + 6. What is h(f)?
0
Suppose -2*r + 4*v + 264 = 2*v, 3*v + 261 = 2*r. Let c be -11*(r/(-117) - (-6)/39). Let z(q) = -q**2 + 12*q - 13. Calculate z(c).
-2
Let l(c) be the first derivative of -5*c**4/2 + c**3/3 + 34. Let z be (1 - -3) + -3 + 0/(-1). Calculate l(z).
-9
Let k(d) = 89*d - 247*d + 79*d + 176 + 91*d - 43. Give k(-11).
1
Let q(y) be the third derivative of y**6/144 + y**5/20 - 19*y**4/2 + 78*y**2. Let w(s) be the second derivative of q(s). Give w(4).
26
Suppose -6*d = -7*d - h - 3, d - 12 = 2*h. Let i(r) = -4*r**2 - r - 9. Let o(m) = 5*m**2 + m + 14. Let f(b) = d*o(b) + 3*i(b). Give f(1).
-2
Let s(y) = 26*y + 7 - 5*y - 9*y - 8*y - 8*y. What is 